23321
Convert 1155312 (base 8) to base 4.
1031223022
Convert -c823c7 (base 13) to base 9.
-8736165
-3862 (base 14) to base 12
-587a
What is 13127 (base 16) in base 6?
1401355
d025d (base 14) to base 9
841635
What is -2026a (base 14) in base 6?
-1353542
Convert 2948b9 (base 14) to base 11.
89a507
What is d83b (base 16) in base 6?
1104135
What is -30140530 (base 6) in base 7?
-10151532
Convert -23062171 (base 8) to base 6.
-255150013
Convert -553203 (base 11) to base 12.
-3669a2
Convert 10042220143 (base 5) to base 6.
1000501335
What is -96190 (base 15) in base 14?
-c57ab
What is -14414640 (base 7) in base 10?
-1365462
-615817 (base 10) to base 11
-390744
What is 1210111021011 (base 3) in base 4?
3221001112
-303034024 (base 5) to base 3
-2022001002101
What is 489585 (base 12) in base 13?
322cca
Convert -76b65 (base 13) to base 7.
-1553654
Convert -198975 (base 11) to base 9.
-513787
What is 92d94 (base 14) in base 12?
150986
Convert 1453523 (base 7) to base 9.
331752
What is 1223130 (base 7) in base 3?
21222120220
What is -2890578 (base 10) in base 5?
-1214444303
Convert 10011210112 (base 3) to base 7.
350231
What is 1101022102112 (base 3) in base 12?
2b5012
Convert 1057270 (base 8) to base 3.
112112212010
1110114 (base 5) to base 16
4bd1
ec9243 (base 15) to base 13
2447733
Convert 29a8 (base 11) to base 15.
122e
What is -1425031 (base 6) in base 11?
-56217
What is 1016414 (base 7) in base 2?
11101110111001011
What is 1341002002 (base 5) in base 4?
31023013001
-1373443 (base 9) to base 14
-159c81
Convert -1709588 (base 10) to base 9.
-3185102
2325310 (base 6) to base 11
82529
Convert 1122500054 (base 6) to base 14.
1920d58
What is 3313230320 (base 4) in base 12?
40b188
What is 104003340 (base 5) in base 8?
1565733
What is 1888483 (base 13) in base 8?
36536740
-1149a (base 11) to base 10
-16565
What is -301343 (base 6) in base 15?
-7039
What is -110100011110110100101 (base 2) in base 10?
-1719717
What is a6ad7 (base 14) in base 11?
255678
Convert 3522ba (base 14) to base 13.
4b5767
-201220040 (base 5) to base 14
-16d20b
Convert -12019 (base 14) to base 4.
-22232113
What is -186a115 (base 11) in base 14?
-5c40c6
Convert 105475 (base 12) to base 8.
770131
What is -10026 (base 15) in base 14?
-14669
What is -2111112220 (base 4) in base 13?
-1855ab
What is -122a3a2 (base 12) in base 15?
-49eb6e
What is -13527485 (base 9) in base 14?
-c62683
335027 (base 11) to base 3
1000010011220
Convert 6523b8 (base 14) to base 5.
1334102022
What is c3837 (base 16) in base 7?
6543522
What is -110000300213 (base 4) in base 6?
-304234555
What is 49a7769 (base 11) in base 8?
41121200
Convert 200155 (base 8) to base 3.
10100001022
What is 4b333b (base 14) in base 3?
11212012212020
106c4e (base 15) to base 12
31893b
-5bc1d (base 14) to base 8
-666603
What is 32f8b (base 16) in base 12?
a09a3
Convert -113033300 (base 5) to base 6.
-15033530
What is -4315352 (base 7) in base 8?
-2002005
1002243430 (base 5) to base 13
54a570
Convert -1401b1 (base 12) to base 11.
-207527
-1537458 (base 10) to base 11
-96012a
What is -11101001000100001 (base 2) in base 7?
-1004620
What is 92f30 (base 16) in base 14?
1194d2
-100212011000 (base 3) to base 11
-122854
What is 4024250 (base 6) in base 11?
11a983
Convert -9333a1 (base 11) to base 14.
-2adc13
Convert 28014 (base 14) to base 4.
120013302
Convert 26b0 (base 13) to base 11.
4197
Convert -33332212331 (base 4) to base 8.
-17764675
What is c6383 (base 13) in base 7?
3013304
125341102 (base 7) to base 13
1892b75
-712082 (base 10) to base 13
-1bc167
What is 1003131420 (base 5) in base 15?
299225
Convert -2020112122 (base 3) to base 10.
-44135
Convert -7472214 (base 8) to base 13.
-54b620
Convert -2110331 (base 4) to base 3.
-111002002
What is -16d45 (base 15) in base 3?
-10202022202
189521 (base 11) to base 13
a2482
34203041 (base 6) to base 4
3332203201
-100110011111010101110111 (base 2) to base 15
-d448b7
Convert -2212352 (base 8) to base 15.
-bb538
1101011011101011000 (base 2) to base 4
1223131120
7549 (base 16) to base 8
72511
What is 304338 (base 10) in base 5?
34214323
What is 32320100 (base 5) in base 3?
112000222102
Convert 487788 (base 14) to base 13.
68a673
What is -65145 (base 10) in base 9?
-108323
Convert a6a66c (base 15) to base 6.
442005250
Convert -1791879 (base 11) to base 12.
-1023300
Convert -81834a (base 12) to base 16.
-1ee8ea
Convert -34817a3 (base 11) to base 16.
-5cbf62
What is 120215114 (base 7) in base 9?
15014028
-133230210 (base 4) to base 7
-1050336
-3babcd (base 16) to base 10
-3910605
What is 10011101010000010011101 (base 2) in base 8?
23520235
-2591 (base 13) to base 4
-1103231
-443202400 (base 5) to base 14
-382b23
-8106384 (base 9) to base 10
-4315270
What is 1053747 (base 8) in base 3?
112110110111
454101 (base 8) to base 6
3143225
Convert 52c51 (base 15) to base 11.
16a374
-65aab (base 15) to base 3
-121102010022
Convert -87801 (base 14) to base 6.
-11011001
Convert 108012 (base 10) to base 9.
174143
1b228a (base 12) to base 7
4041454
41447 (base 10) to base 3
2002212002
Convert 21736625 (base 8) to base 14.
8a559b
Convert -1080639 (base 10) to base 8.
-4076477
Convert 102220200110 (base 3) to base 8.
712013
Convert -651e8 (base 16) to base 3.
-210001011011
What is 96b099 (base 12) in base 6?
123024313
22bd5e (base 15) to base 4
12111103223
Convert -2d3947 (base 14) to base 15.
-2149e5
What is 13500453 (base 6) in base 13?
130b99
Convert 11113420 (base 5) to base 8.
277301
-10032120212 (base 4) to base 5
-240414434
What is bdca2 (base 15) in base 4?
2103113102
What is -8151 (base 11) in base 13?
-4c09
What is -133331200 (base 4) in base 8?
-377540
Convert 85755 (base 12) to base 2.
101010110111110001
5205534 (base 6) to base 4
331010002
What is -50427 (base 11) in base 10?
-73718
Convert -10564 (base 7) to base 16.
-a84
What is -5bdbf6 (base 16) in base 7?
-102112162
What is -8367 (base 16) in base 11?
-23301
Convert -5f52c7 (base 16) to base 6.
-341521451
2505012 (base 7) to base 16
4e621
Convert -149286 (base 14) to base 8.
-2567626
21325302 (base 6) to base 10
633638
-69875b (base 16) to base 2
-11010011000011101011011
10020001120 (base 3) to base 4
33133221
Convert 59122 (base 15) to base 12.
118265
Convert 1110222201120 (base 3) to base 11.
498413
-272dd (base 14) to base 3
-11220112210
Convert 21102022001 (base 3) to base 4.
203221201
Convert -2121201222110 (base 3) to base 9.
-2551873
What is 125213 (base 14) in base 6?
21251013
Convert -810a45 (base 14) to base 4.
-100210103311
40215 (base 12) to base 5
10130444
Convert -9a2840 (base 11) to base 13.
-44009a
Convert -132344134 (base 7) to base 16.
-8230e7
2222031323 (base 4) to base 14
14212b
Convert 2127104 (base 11) to base 13.
a10842
Convert 24404325 (base 6) to base 16.
be15d
What is -108740 (base 9) in base 11?
-45221
What is -6440514 (base 7) in base 14?
-1654b4
Convert -11220222110120 (base 3) to base 5.
-1132224244
Convert 306416 (base 8) to base 14.
29086
What is 107983 (base 15) in base 3?
1110220000120
13311303000 (base 4) to base 13
56c6b8
What is -76063761 (base 8) in base 4?
-332012133301
330ba (base 15) to base 10
162175
1651b1 (base 12) to base 7
3151120
114401034 (base 7) to base 14
d371c4
Convert -100000000010111000000101 (base 2) to base 4.
-200002320011
-221334310 (base 6) to base 11
-2288798
What is -1001101000110000010100 (base 2) in base 4?
-21220300110
101110011000011011010 (base 2) to base 10
1519834
-8674 (base 15) to base 14
-a52b
56a9a (base 12) to base 4
130032112
What is 11203030132 (base 4) in base 13?
3bc299
10a068 (base 11) to base 5
21040220
What is -1444e8 (base 15) in base 3?
-1211121111102
-1232441414 (base 5) to base 16
-2e0242
What is 404021 (base 10) in base 8?
1425065
What is -2324250 (base 6) in base 5?
-12321243
320032300101 (base 4) to base 12
4b2a469
-277472 (base 9) to base 8
-513055
What is -64828 (base 9) in base 3?
-2011220222
-211021121 (base 3) to base 11
-11227
1494816 (base 11) to base 5
1123210333
What is 6016426 (base 7) in base 9?
1302641
What is 16a946b (base 13) in base 4?
130011003023
12b657 (base 13) to base 8
1566044
Convert -42461032 (base 7) to base 9.
-6714004
Convert -21004022 (base 6) to base 4.
-2110102232
-41176464 (base 8) to base 7
-134036555
-143496 (base 14) to base 10
-7